 the value of -5 + (-3 + 4 - 8 - -14 - 11)?
-9
Evaluate -11 + 1 + 20 + -7 + 7.
10
Evaluate -1 - 11 - (-55 + 11 + 38).
-6
-3 + -1 + (9 - 11) + 8 + 15
17
8 + (-12 + 19 - -1) + -4
12
What is -10 - (-36 + 11 + (3 - -1))?
11
Calculate (0 + 8 - (-36 - -54)) + -17 + 56.
29
Evaluate (5 - (7 + 12 - (4 + 5))) + 16.
11
Evaluate -20 + -1 - (-269 - -276) - (-7 + 1).
-22
Evaluate -7 + (-14 + 34 + 9 - (-16 + 5)).
33
Calculate -11 - (-8 + 16 + -37).
18
6 + (13 - (31 - -5))
-17
What is 27 + -9 - (31 - 12)?
-1
Evaluate (-16 - -4) + 21 + -7 + 24.
26
Evaluate 24 + (-15 - -7) + -15.
1
What is the value of (7 - 1) + (-6 - -18 - 3)?
15
What is the value of 13 + (-1 - (0 + 25))?
-13
What is 17 - (23 + -8 + (14 - 29))?
17
(2 - (14 + -10 + 3)) + 16
11
Evaluate (6 - (4 - -1)) + -22 + 19.
-2
-16 + -1 + -1 - (988 - 997)
-9
Calculate (25 - 57) + -11 + (16 - -6).
-21
Evaluate 33 - 16 - 12 - (-2 + 2).
5
Evaluate 33 + (-34 - 4) + 6.
1
-4 - (8 + -29 + 30)
-13
What is the value of (1 - 11) + -25 + 15 + 2?
-18
What is -15 - -22 - (2 - 14) - 3?
16
Calculate -4 - (-12 + (-2 + 2 - 8 - -6)).
10
10 + (-2 - 13) + -5
-10
Evaluate 77 - 9 - 76 - (0 + 1).
-9
What is the value of -6 - -12 - ((11 - 1) + -4 + 0)?
0
What is (-13 - 6) + (18 - 8)?
-9
What is -76 + -2 - -47 - (1 + -9)?
-23
Calculate (-38 - (-35 + -18)) + 13.
28
Evaluate (-53 - 6) + (-56 - -84).
-31
What is 30 - (-22 + 31) - 16?
5
What is -20 + 16 + -39 + 39?
-4
Calculate 194 + -209 - (11 + 8).
-34
What is 25 - 28 - (4 + -6 + 7)?
-8
What is 5 + 9 + (9 - 55 - -17)?
-15
What is the value of -39 + 25 - ((2 - 7) + 4 + -5)?
-8
Calculate 7 - ((-3 - 1) + -22 + 22).
11
What is (66 - (-10 - -48)) + -16?
12
-11 - -12 - (-20 + 54)
-33
What is (-11 - -7) + -4 - (12 + 5 + 2)?
-27
Calculate 0 + (-8 + 7 + 2 - -4) + 3.
8
Evaluate 128 + -122 - (0 + -4 - -2).
8
Calculate 2 + -10 - (-20 + 12).
0
Evaluate -34 + 47 + (-69 - -22).
-34
(-1 - 1) + -1 - ((29 - 19) + -9)
-4
What is the value of 6 - (6 + -29 + 13)?
16
What is (21 - (-1 + 12)) + -16 + 2 + 6?
2
Calculate -2 - 0 - (-2 + 4).
-4
What is the value of (-815 - -792) + (9 + -3 + 0 - 0)?
-17
What is 86 + -96 - (-3 + 2 - (-5 + -2))?
-16
What is 134 + -116 + -15 + 5?
8
Evaluate 228 + -222 + (2 - 3 - 17).
-12
What is the value of -10 + 0 + (6 - -3)?
-1
What is the value of -18 + 12 + 17 - (2 - -1)?
8
What is (-2 + 13 - 3) + -13?
-5
Calculate -9 + -8 - ((5 - 9) + 0).
-13
3 - (-11 - (-34 - -9))
-11
What is 657 - 650 - ((0 - 0) + -1 + 2)?
6
11 - ((10 + -14 - -8) + (1 - 3))
9
What is -58 - -31 - (-8 + 0 - (1 + 0))?
-18
Calculate 15 + 1 - (-41 + -8 - -81).
-16
What is the value of -12 + (27 - (18 - -11))?
-14
Calculate 14 - (-11 - ((-1 - -9) + -8 - 6)).
19
Evaluate 0 + -2 + 2 - (-136 + 125).
11
(-12 - (-18 - -10) - -17) + (-9 - 1)
3
Evaluate -9 - (-1 + 2 - 9).
-1
What is 25 + (-5 - 9) - -1?
12
What is 0 + 16 + (14 - (81 - 55))?
4
What is the value of -16 - 1 - (-12 + 1 - (-115 + 111))?
-10
What is (-9 - 0 - -6) + -14 + 5?
-12
Calculate 1 - (12 + 3 + (16 - 13)).
-17
What is 2 + -11 + 2 + 15 + -7 - 8?
-7
10 + -36 + (53 - 17) - (30 + 1)
-21
Evaluate 1 - (-4 + 18 + -11).
-2
What is 13 - (11 + 22 + -9)?
-11
8 + 1 + 6 + -3
12
32 - (35 + -45 - -23 - (-1 + 4))
22
Evaluate -9 - (-36 + 37 + (1 - 10)).
-1
Calculate -7 + (-1 - (0 + (-5 - 2))).
-1
What is the value of -25 + (7 - -11) + -7?
-14
What is the value of (0 - -8) + -23 + 8 - (1 - 2)?
-6
What is 29 + (-2 - 6) + -30?
-9
Evaluate 16 + -13 + (12 - 11) - (4 - 35).
35
Calculate 24 + -10 - (4 + -1).
11
-8 - (8 + 0 + -18)
2
38 + -31 + -1 - 10
-4
-4 + (0 - 1) + (0 - 8)
-13
What is 2 + (69 - 40 - (-4 - -5))?
30
Calculate -12 + (55 - 37 - (14 - 1)).
-7
-9 - (0 + -6) - (-11 + 25)
-17
Evaluate -10 + -3 + 3 + (11 + 44 - 14).
31
What is the value of -174 + 127 + (29 - 3)?
-21
What is 27 + -2 - (-1 + 17)?
9
7 + -29 + 31 - (28 + -1)
-18
-3 + (-9 - (-23 - -11)) + (-2 - -7)
5
(-17 - (-3 + 0 + 0)) + 1
-13
What is the value of 4 + (-122 - -122) + (-6 - -1)?
-1
What is the value of -9 + (-7 - -6) - (-2 - (0 - 3))?
-11
What is 10 + (-14 - ((-3 - 10) + 4))?
5
What is (-3 - -7 - 8) + -5 + 31?
22
Evaluate (28 - 8) + (-222 - -165).
-37
What is (1 - -10) + 0 - (1621 + -1601)?
-9
(249 - 241) + -8 + 1 + -5
-4
Calculate -5 + 7 + 2 + -13 + -4.
-13
Evaluate -7 + -2 + (7 - 7).
-9
Evaluate (5 - 3) + -10 + 4 - 1.
-5
What is the value of -299 + 286 - (2 + (0 - -1))?
-16
Calculate -12 - (1 + -13) - (2 - 2).
0
What is (-12 + -4 - 6) + 12?
-10
-10 - 5 - (6 + -26)
5
Evaluate -14 + (-427 + 415 - (-28 + 1)).
1
3 - (6 + 1 - (-23 + 14 - 18))
-31
What is the value of -5 + 2 + -16 + (1 - -7)?
-11
Evaluate -3 - ((-2 - -1) + 2 - (427 - 431)).
-8
Calculate -24 + 4 + 1 + 12 - (-1 + 20).
-26
What is the value of 0 + 13 + 318 + -336?
-5
Evaluate 2 + (-16 - -7) + (-4 - -18) - 9.
-2
What is the value of -4 + (-51 - -38 - -34)?
17
What is the value of 32 + 20 + -64 + 29 + (-2 - -1)?
16
-17 + (-4 - (-15 - 7))
1
What is (3 - (-3 - (2 - 8))) + -1 + 2?
1
Evaluate 30 - (7 - -3) - 5.
15
What is 3 + (0 - 0) + 1 + -3 - -7?
8
Calculate -11 + (3 + -9 - -4).
-13
Calculate 5 + (-3 - -1) - 13 - (4 - -1).
-15
What is 22 + -42 - -17 - (0 - 10)?
7
What is (-33 - -2) + -453 + 466?
-18
What is the value of 10 + -14 + 3 + -2 + -3?
-6
What is 3 + (7 - (25 - (-5 + 0)) - -7)?
-13
Calculate 212 + -207 + (-5 - (3 - 1)).
-2
What is the value of 3 - -36 - (90 + -69)?
18
What is 11 + 12 + -7 - -11?
27
-1 + -38 + (-35 - -73) + 0 + -10
-11
Calculate 24 + 11 + (-1 - 32) - (17 + 0).
-15
What is -2 + (-2 - -2) - (-12 + -2 + -7)?
19
What is the value of -15 + 26 + (-3 + -4 + 4 - 1)?
7
-17 + (13 - 10) + 0
-14
What is -20 - (-24 - (9 - 35))?
-22
Calculate 26 - (-43 - -26 - -8).
35
Evaluate -4 + (12 - 3) - (-8 + 15 + -9).
7
Calculate -5 - (-7 + 11) - -20 - 2.
9
Evaluate -3 + 0 - 33 - -17.
-19
Calculate (34 - 1 - (177 - 166)) + -6.
16
Evaluate -42 - (0 + 47 + -64).
-25
What is the value of -3 + 2 + (8 - (-3 + 6))?
4
Calculate (-29 - -25) + (2 - -5).
3
What is the value of -70 - -86 - (9 - (-1 + 1))?
7
What is the value of -11 - (25 - (15 + -23)) - -13?
-31
Calculate -3 - -10 - (-5 - (10 + -9)).
13
What is (0 + 0 - -1 - (133 - 139)) + -3?
4
What is the value of -236 + 235 + -2 + 22?
19
Evaluate -48 - -67 - (2 + 3 - 6).
20
-8 + (-3 - -21 - (-1 - -3 - -1))
7
Calculate -36 + (0 - -32) - (6 + -1 + 1).
-10
What is 1 - (2 + (10 - 4)) - 5?
-12
Evaluate 1 - (13 + -16 - -8).
-4
What is the value of -9 + -1 + 6 - (2 + (0 - 8))?
2
-3 + (1 - 0) + 3 + (-15 - -1)
-13
What is the value of -15 + -1 - (-13 + -2)?
-1
What is (8 + -3 - 11) + 0 + (13 - 5)?
2
What is the value of 31 + (-2 + 10 - (5 - -5))?
29
Calculate -30 + -84 + 83 + (-5 - (0 - 0)).
-36
What is the value of 10 + (0 + -9 - (65 + -69))?
5
Evaluate (-34 - -12 - (2 - 5)) + (-2 - 3).
-24
16 - ((20 - -14) + -21)
3
What is -2 + 27 + 156 + -147 + -10?
24
What is (7 + -4 - -2) + 31 - (96 + -85)?
25
Calculate (8 - 21) + 21 - (1 + 9).
-2
What is 7 + -1 + -20 + (57 - 30)?
13
What is the value of -9 + (5 - -6) + (9 - 4) + 12?
19
Calculate -10 - (-7 + 10 + -40 + (-1 - -5)).
23
Evaluate -4 + 9 - (-9 + 2 + 8).
4
Calculate 50 + -55 + 16 + -3 - -12.
20
What is the value of 12 - ((4 - 4) + 12 + -3)?
3
What is the value of -3 + (1 - 2) + 32 + (-28 - 12)?
-12
What is the value of 151 - 139 - (1 - -13)?
-2
1 + 1 + (0 - 6 - -28 - 12)
12
Calculate -25 + (70 - 78) - (-4 - 0).
-29
What is 10 + (7 - 13) - 21?
-17
What is 11 + -13 + 22 + -15?
5
Evaluate 0 - (18 - (10 - -10)).
2
What is the value of 0 + (-9 - (-40 - -17))?
14
What is the value of (103 - 66) + (5 - 2) + -15?
25
What is the value of (-15 - -1) + (-19 - (-12 + -19))?
-2
(2 - 10) + (177 - 175)
-6
Calculate 4 + -26 + (2 - -11).
-9
(-1 - 8) + (-13 - 1 - -19)
-4
-13 + 5 + 5 + -3 + 13
7
5 + -6 - (4 - 2 - -5)
-8
What is the value of 12 + 5 + -9 + -3 + -6?
-1
Calculate (-4 - (0 - (-6 + 5))) + 11 + 4.
10
What is the value of (-2 - ((-10 - -4) + -2)) + 11?
17
Calculate (-2 - -4) + 17 + (-6 - -10).
23
0 + (7 - 1 - (24 - (-3 + 19)))
-2
Calculate -18 + (-1 - -3) - ((-29 - -20) + 13).
-20
0 - 24 - (72 + -72)
-24
What is -5 + 24 + (6 - (17 + -10))?
18
What is the value of 16 + 5 + (1 + -3 - -1)?
20
What is (4 - 9) + 3 - -8 - 6?
0
Calculate 7 + (-8 - (0 + -2)).
1
What is 13 + (-9 - (4 + -7 - 0))?
7
What is 23 + (-33 - (-12 - -14))?
-12
Calculate -250 + 228 - (4 + -46).
20
Calcul